101000001 - -10011111001?
1011110000111010
In base 10, what is -626321 + -14?
-626335
In base 10, what is 305995 - 19?
305976
In base 14, what is -69a863 - 17?
-69a87a
In base 2, what is -100110110000011011110110 + 1?
-100110110000011011110101
In base 15, what is -2 + 15409c8?
15409c6
In base 15, what is 45d4a7e - 0?
45d4a7e
In base 8, what is 626042 + -767?
625053
In base 15, what is -75ce9 + -8?
-75d02
In base 6, what is 2055412143 - -3?
2055412150
In base 7, what is 11132260 - 12?
11132245
In base 9, what is 4188170 - 1?
4188168
In base 13, what is 28a6c + 3?
28a72
In base 4, what is 20100211012 + 3?
20100211021
In base 6, what is -50 + -203232503?
-203232553
In base 3, what is -102112122220 + 2112?
-102112120101
In base 10, what is 112 - 14538?
-14426
In base 10, what is -41412589 + -5?
-41412594
In base 10, what is -111 - -133428?
133317
In base 10, what is -85439798 + -1?
-85439799
In base 9, what is 38 - -1246112?
1246151
In base 5, what is 14220 - -114423?
134143
In base 14, what is -28 + 2c119a?
2c1172
In base 14, what is -789 + 2786?
1ddb
In base 5, what is 1203 + 101110021?
101111224
In base 15, what is -4ead3d6 - 0?
-4ead3d6
In base 13, what is -60c464 + -129?
-60c590
In base 2, what is -11100011 - -1100111101100101001010?
1100111101100001100111
In base 11, what is 12245a36 + -4?
12245a32
In base 8, what is -1100116 + 15?
-1100101
In base 14, what is -3c5dd - -c80?
-3b75d
In base 8, what is -11025365 - 7?
-11025374
In base 15, what is 3ad4 + -817?
32bc
In base 5, what is 21433342 - -2414?
21441311
In base 12, what is 5 + -352a920?
-352a917
In base 9, what is -3701533 - 818?
-3702452
In base 14, what is 3a8a44 + -b?
3a8a37
In base 10, what is 14192374 + 4?
14192378
In base 3, what is 12 - -10000102112202200?
10000102112202212
In base 10, what is -54 + -1421316?
-1421370
In base 5, what is 14444040242 - 12?
14444040230
In base 6, what is -121355 - -2511?
-114444
In base 8, what is -52220215 - -1?
-52220214
In base 15, what is -2ba + -16c?
-437
In base 14, what is -12050719 + 0?
-12050719
In base 4, what is 230232 + -123120?
101112
In base 7, what is 4645265440 - 2?
4645265435
In base 7, what is 11 - 56224553?
-56224542
In base 4, what is -1200012 + 2120120?
320102
In base 6, what is -1151530 - 2?
-1151532
In base 14, what is 4 + -2a34cd?
-2a34c9
In base 8, what is 1 - 27020155?
-27020154
In base 9, what is 16602531 - 4?
16602526
In base 3, what is 21100212220 + 1202011?
21102122001
In base 12, what is 1430164b + 6?
14301655
In base 8, what is 45131520 + 4?
45131524
In base 14, what is -98c3 - 139?
-9a1c
In base 15, what is 2c3b9 - -b?
2c3c5
In base 15, what is -c1c72 + 2?
-c1c70
In base 9, what is -11 - 73178220?
-73178231
In base 14, what is -1 + 51d143?
51d142
In base 13, what is -30 - -510a?
50aa
In base 2, what is 1000000110000101 - 11011100100?
111101010100001
In base 14, what is -87d6c - a?
-87d78
In base 14, what is -841a48 + 29?
-841a1d
In base 4, what is -100020203 + -230013?
-100310222
In base 5, what is -10030141340 - 12?
-10030141402
In base 7, what is -446 - 1302331?
-1303110
In base 11, what is -1665346 + -17?
-1665362
In base 16, what is -8 - -6fbef1?
6fbee9
In base 3, what is -11000 + 22011020100?
22011002100
In base 2, what is 101011100101101111010 - 110101?
101011100101101000101
In base 4, what is 10023212233 + 1022?
10023213321
In base 12, what is -78007 - 753?
-7875a
In base 6, what is 3202034013 + -5?
3202034004
In base 4, what is 2201310113212 - 0?
2201310113212
In base 4, what is 1202032203 + 20112?
1202112321
In base 9, what is -711 + 414?
-286
In base 2, what is -110111110100110110111100 + -10?
-110111110100110110111110
In base 12, what is 6b267b6 - 1?
6b267b5
In base 4, what is 110332133011321 + -2?
110332133011313
In base 9, what is 324167 - 1?
324166
In base 16, what is -2 + b01c3?
b01c1
In base 15, what is -8 - 65e0e?
-65e17
In base 5, what is 1330 - -142031020?
142032400
In base 10, what is -8 - -827506?
827498
In base 3, what is 210001 + 100121000210?
100121210211
In base 16, what is 125a + 172be?
18518
In base 4, what is 20 + 120301222133?
120301222213
In base 14, what is 2 - -45735d?
457361
In base 5, what is -140242011 - -130?
-140241331
In base 10, what is -12554950 - 17?
-12554967
In base 2, what is -10001 + -1010000010010000100?
-1010000010010010101
In base 10, what is 3 + 18632914?
18632917
In base 6, what is -1 - 211024022?
-211024023
In base 10, what is 25182804 - 4?
25182800
In base 13, what is -3 - 3b561?
-3b564
In base 9, what is 3403 - -71241?
74644
In base 10, what is 2 - -2042997?
2042999
In base 10, what is 200560 - 18?
200542
In base 10, what is 2970537 + -2?
2970535
In base 5, what is 2024 + 14300010?
14302034
In base 6, what is 1405215 + -5443?
1355332
In base 9, what is 22 + -30407712?
-30407680
In base 5, what is -2314100112 + -10?
-2314100122
In base 8, what is -27005 - 37727?
-66734
In base 12, what is -330704 - 5?
-330709
In base 16, what is -68f + -4df17?
-4e5a6
In base 7, what is 6013341 + 3442?
6020113
In base 6, what is -145345 + 23425?
-121520
In base 11, what is -25 - -25198?
25173
In base 7, what is -23 - -21344616?
21344563
In base 2, what is -10011100101011011010111100 + -11001?
-10011100101011011011010101
In base 11, what is 798 + -21743?
-20a56
In base 10, what is 2 + 68711894?
68711896
In base 12, what is -1b9b458 + 163?
-1b9b2b5
In base 4, what is 103110301312 - -12?
103110301330
In base 16, what is 5 + 4683f0?
4683f5
In base 8, what is -243104612 - -15?
-243104575
In base 7, what is -4 - 14500644?
-14500651
In base 3, what is 2110210222222122 - -11?
2110210222222210
In base 2, what is -11000000110 + -10110101100111101?
-10111000101000011
In base 2, what is 100011010100111110010 - -100100100?
100011010101100010110
In base 2, what is -10101110001100 + -10110101100001?
-101100011101101
In base 5, what is 3241033303110 + -2?
3241033303103
In base 16, what is -2823bc - 49?
-282405
In base 5, what is 120 - -211330303?
211330423
In base 2, what is -110000110111100 - 101010111100?
-110110001111000
In base 3, what is -20121002201 + 100012?
-20120202112
In base 10, what is -208 - 540?
-748
In base 14, what is -d368c5 - 2?
-d368c7
In base 5, what is 4 - 303131342?
-303131333
In base 7, what is -1233556643 - 0?
-1233556643
In base 10, what is -1 + 22351354?
22351353
In base 11, what is -1a800 - -87a?
-19a31
In base 4, what is 2133 + 1331001133?
1331003332
In base 10, what is 5491094 + 7?
5491101
In base 5, what is 123024100312 + 1?
123024100313
In base 5, what is 102041314233 - 4?
102041314224
In base 11, what is -39154 + 203?
-38a51
In base 7, what is -113253 + 15?
-113235
In base 11, what is 79708 - 719?
78a9a
In base 5, what is -20441200133 - 1?
-20441200134
In base 10, what is -18 + 206582?
206564
In base 5, what is -114212301001 + -10?
-114212301011
In base 10, what is 3 - -133304107?
133304110
In base 6, what is -54345233454 + 3?
-54345233451
In base 4, what is -1 - -1313312230321?
1313312230320
In base 16, what is 1 - -fe6326?
fe6327
In base 3, what is 21 - 1201211102200?
-1201211102102
In base 11, what is 21 - 1528814?
-15287a3
In base 14, what is 2ac2999 + 2?
2ac299b
In base 9, what is 1 - 7317711?
-7317710
In base 10, what is 14 + -11036?
-11022
In base 8, what is -222 + 635145?
634723
In base 3, what is -1101000220 + -1210021?
-1102211011
In base 8, what is 2527 - -165641?
170370
In base 6, what is -31 + 55135005?
55134534
In base 2, what is -10 - 1101100000101100100111?
-1101100000101100101001
In base 14, what is -9c3275 - 5?
-9c327a
In base 5, what is -3 + 232310130?
232310122
In base 6, what is 2142 - 205143?
-203001
In base 10, what is -128 - -12025?
11897
In base 9, what is 3888 - 6421?
-2422
In base 3, what is -121012011120 + 0?
-121012011120
In base 2, what is -110000001001101001 + -110111111?
-110000010000101000
In base 6, what is -4 + 42201252?
42201244
In base 5, what is -43 - 31040040?
-31040133
In base 14, what is -257a2adb + 2?
-257a2ad9
In base 10, what is -18378439 + -22?
-18378461
In base 10, what is -4425274 - 28?
-4425302
In base 12, what is -3 + 364105?
364102
In base 2, what is -10111011000100000100111101 + 101?
-10111011000100000100111000
In base 5, what is 3 + 3414023221?
3414023224
In base 3, what is -10000 - -22012022211?
22012012211
In b